f r and n.
4
Let v(b) = 2944*b**2 - 21*b - 21. Let t be v(-1). Calculate the greatest common factor of 23 and t.
23
Let i = -261 + 297. Calculate the greatest common divisor of 18 and i.
18
Suppose 0*j + 28 = 2*d + 5*j, 0 = -2*d - j + 12. Suppose d*v - 41 - 95 = 0. Let y = -473 + 524. Calculate the highest common divisor of v and y.
17
Suppose -24*w = 3*w - 1188. What is the highest common divisor of 253 and w?
11
Let t(i) = i + 4. Let u be t(6). Let p = 37 - u. What is the greatest common factor of p and 3?
3
Let w(j) = -4*j**2 + 187*j - 78. Let x be w(46). Calculate the highest common divisor of x and 108.
12
Let s(g) = 8*g**2 + 1. Let t be s(1). Suppose -4*z = 2*q - 288, 18*z + 4*q = 20*z - 144. What is the greatest common factor of z and t?
9
Let y = 16 + -12. Suppose -y*g + 8 = -0*g. Suppose 5*a + 4*s = 161, 2*a - g*s - 63 = -5*s. Calculate the greatest common factor of a and 11.
11
Let m = 56 + -32. Suppose -28*x + 24 = -m*x. What is the greatest common factor of x and 78?
6
Suppose 5 = -0*o - o, -22 = -3*k + 2*o. Suppose -k*c = r - 156, -5*r = -2*c - 8*r + 68. What is the highest common factor of 8 and c?
8
Suppose y + 5*y + 192 = 0. Let f be (-48)/y + 145/2. Let z = -41 + f. Calculate the highest common divisor of z and 3.
3
Let q(h) = h**3 + 4*h**2 - 33*h + 15. Let d be q(5). What is the highest common factor of 45 and d?
15
Let s(j) = -j**2 - 21*j - 19. Let l be s(-18). Let u = l + -27. What is the greatest common factor of 24 and u?
8
Suppose 77*z = 69*z + 816. Calculate the highest common divisor of 459 and z.
51
Let p be (4/(-10))/((-413)/(-420) + -1). Let v = 2 + -1. Let j be 158/10 + v/5. What is the greatest common factor of p and j?
8
Let m be (100/30)/(-2 - (-60)/27). Let f = 19 - 9. What is the highest common divisor of f and m?
5
Suppose -66*f = -4*w - 69*f + 139, -4*w + 140 = 4*f. Calculate the greatest common divisor of 544 and w.
34
Let t(m) = 11*m**3 - 3*m**2 + 3*m - 5. Let v be t(2). Let w = 114 - v. What is the greatest common divisor of 37 and w?
37
Let m be (-5)/(-10)*0/3. Suppose 5*b + m*b - 186 = 2*j, -3*b = 5*j - 93. Let a(n) = 4*n + 4. Let s be a(2). Calculate the greatest common factor of b and s.
12
Let a(z) = 2*z**3 - 8*z**2 + 3*z - 7. Suppose -2*o = -7*o + 3*d + 20, o - 4 = -3*d. Let x be a(o). What is the greatest common factor of x and 1?
1
Suppose 0 = -5*x - b + 267, -2*x + 10*b + 120 = 6*b. Calculate the highest common divisor of x and 108.
54
Let d be (-3)/((-129)/(-60) - 2). Let i = d + 34. Calculate the greatest common divisor of i and 112.
14
Suppose 258*i + 810 = 263*i. What is the highest common factor of i and 9?
9
Let b be 40/(-6) - (-3)/(18/4). Let f be (-270)/b*(-8)/(-6). What is the highest common factor of 150 and f?
30
Suppose 4*l = 71 - 23. Suppose 9*j - l*j + 54 = 0. Calculate the greatest common divisor of 45 and j.
9
Let a(t) = -25*t - 1. Suppose 0 = -2*n + 4*n + 2. Let y be a(n). What is the highest common divisor of y and 264?
24
Let n(o) = o**3 - 9*o**2 + 26*o - 3. Let c be n(5). Suppose -20 = -3*a + a - l, -3*l = -3*a + 21. What is the highest common factor of c and a?
9
Let h be 147323/209 - 1 - (-4)/38. What is the highest common divisor of h and 44?
44
Let d = -46 - -151. Calculate the greatest common divisor of d and 84.
21
Let s = 276 + -240. What is the greatest common divisor of s and 63?
9
Let i(f) = f**3 - 19*f**2 - 37*f - 49. Let u be i(23). Calculate the highest common divisor of 76 and u.
76
Suppose -g = 5*i - 1426, -2*g - 175 - 119 = -i. What is the greatest common factor of 22 and i?
22
Suppose -k + 2426 = 141. Suppose 13*g - 2291 = k. Calculate the greatest common divisor of g and 32.
32
Let b = -191 - -335. Suppose 4*z - 12 = -d + 83, -2*z + 4*d = -52. What is the greatest common factor of z and b?
24
Suppose 0 = -3*v + v - r - 4, 0 = 4*r + 16. Suppose 3*y = 5*g + 27, v = -y + 2*g + 1 + 7. What is the greatest common factor of 70 and y?
14
Suppose 4*l - 404*d - 397 = -409*d, l - 95 = 3*d. Let c = 773 + -528. What is the highest common factor of l and c?
49
Suppose 0 = -2*r + 40*x - 39*x + 3951, -4*r - 5*x + 7909 = 0. Calculate the greatest common divisor of 38 and r.
38
Let r be (-3 - -4)*(-1 + 30). Let l = r - 9. Suppose t - 2*d = -0*t + 144, -3*t + 418 = d. What is the highest common factor of l and t?
20
Let n be 3/4 + -1 + 433/4. What is the highest common divisor of n and 12?
12
Suppose 5*k - 4*s = -0*s - 96, -2*s = -8. Let q(r) = r**3 + 17*r**2 + 14*r - 2. Let w be q(k). Calculate the greatest common divisor of w and 18.
6
Let o(b) = 17*b**2 - b + 1. Let g be o(-1). Let w = g + -17. Suppose -75 = -5*v + w*x, -2*x + 16 = 2*v - 0*x. Calculate the greatest common divisor of v and 39.
13
Let x = -3 + 7. Suppose -33 = -x*l + 39. Suppose -4*g + l - 10 = 0. What is the highest common factor of 2 and g?
2
Suppose 0 = -1775*v + 1767*v + 360. What is the highest common divisor of 10 and v?
5
Suppose 0 = 4*b - b + 393. Let u = b - -211. What is the highest common divisor of 20 and u?
20
Let u be (-2)/4 + (3 - (-28)/8). Let m be ((-62)/6)/(-2*1/u). Calculate the highest common factor of m and 155.
31
Let q be (1 + (-226)/(-6))*(-12)/8. Let k = -22 - q. Calculate the highest common divisor of k and 18.
18
Let i = 57 + 93. Calculate the greatest common factor of i and 120.
30
Suppose 0*s = 6*s - 132. Suppose 0 = 21*b - s*b + 5. Suppose 495 = b*w - 0*w. What is the highest common divisor of w and 11?
11
Let i be (-3443 - -5)/(-9) + 3. Calculate the greatest common divisor of 105 and i.
35
Let s = -287 - -306. What is the greatest common factor of s and 608?
19
Let x = 158 + -272. Let n be x/4*(8 - 10). What is the greatest common factor of 19 and n?
19
Let m(x) = 2*x**3 + x**2 - 3*x - 2. Let h be m(4). Let o(f) = -f**3 + 60*f**2 - 495*f - 24. Let q be o(10). Calculate the highest common factor of h and q.
26
Let w = 4 + 15. Let z(l) = l**2 + l. Let j be z(-1). Suppose j = 4*r - 783 - 53. What is the greatest common factor of w and r?
19
Let l = 57 + -17. Suppose -8*v - l = -13*v. Let j(q) = 2*q**2 - 9*q + 4. Let c be j(v). Calculate the greatest common factor of c and 24.
12
Suppose -6*z + 2 = -88. Calculate the greatest common factor of z and 1605.
15
Suppose 0 = 5*q - 3*q - 232. Suppose 64 + q = 2*y. Calculate the greatest common divisor of 36 and y.
18
Let r be (-2 + 8/3)*-24. Let n be 0 + (r/(-4) - 39). Let c be (-685)/n + (-3)/(-7). Calculate the greatest common divisor of c and 30.
10
Suppose 3*t = -3*g + 18, -16 = -3*t - 2*g - 3. Suppose -y = t - 4, y = 4*d - 101. What is the greatest common divisor of d and 234?
26
Suppose 0*j + 48 = j. Let v(c) = 3 - 7*c + 3 - 6*c**2 + 14*c**2 - 7*c**2. Let d be v(7). Calculate the greatest common factor of j and d.
6
Suppose 0 = -8*f + 572 - 100. What is the greatest common divisor of f and 649?
59
Let v(i) = i**2 - 58*i + 600. Let q be v(46). What is the highest common factor of q and 1264?
16
Let a = 145 + -75. Let w be 13 + (0 - (-3 + 2)). Calculate the highest common factor of a and w.
14
Let r(v) = -v + 13. Let g be r(9). Let y be (-12)/16 + (59/g - 1). What is the greatest common factor of 26 and y?
13
Let o be 5/(-2)*(-22)/55. Let z(p) = 2*p**2 - 25*p - 38. Let w be z(14). Calculate the greatest common factor of o and w.
1
Let j(b) = 2*b**2 + 11*b + 2. Let z be j(-5). Let l be ((82 - 2)/4)/(z + 4). Calculate the greatest common factor of 80 and l.
20
Suppose 5*f - 225 = 3*v, 3*v - 113 - 94 = -4*f. Let u be 10/45 + 322/9. What is the greatest common factor of f and u?
12
Let d(b) be the first derivative of 5*b**2/2 + 57*b - 9. Let q be d(-7). What is the highest common divisor of q and 55?
11
Suppose -3*l - 6 - 3 = 0, 2*l = 5*y - 46. Suppose y + 84 = 4*u. What is the greatest common factor of 23 and u?
23
Let f = 272 - 262. Let u(w) = w**2 + 5*w + 2. Let m = 6 - 11. Let z be u(m). Calculate the highest common factor of f and z.
2
Suppose -8*u + 208 = -5*u + t, 2*t = -4. Calculate the highest common divisor of 160 and u.
10
Suppose 2*n = 714 + 146. What is the highest common factor of n and 20?
10
Let q(n) = 69*n + 1. Let y be ((-3)/3)/(-2 + 1). Let c be q(y). Calculate the greatest common factor of 28 and c.
14
Let l be 6/(-1)*(-21)/6. Suppose 4*s - w - 87 = -2*w, -s + 15 = -2*w. What is the greatest common factor of l and